 a multiple of 31?
False
Is 146 a factor of 5263?
False
Is 3 a factor of 171?
True
Is 34 a factor of 142?
False
Is 58 a factor of 9242?
False
Is 1779 a multiple of 59?
False
Does 3 divide 680?
False
Does 86 divide 45322?
True
Does 16 divide 4560?
True
Is 1664 a multiple of 2?
True
Is 762 a multiple of 81?
False
Is 6529 a multiple of 19?
False
Is 102623 a multiple of 27?
False
Is 5940 a multiple of 90?
True
Is 19 a factor of 3237?
False
Is 209 a factor of 26334?
True
Is 33 a factor of 4500?
False
Is 44031 a multiple of 39?
True
Is 890 a multiple of 29?
False
Is 473 a multiple of 102?
False
Is 18448 a multiple of 132?
False
Does 17 divide 81039?
True
Is 13021 a multiple of 73?
False
Does 26 divide 1092?
True
Is 10 a factor of 2239?
False
Does 3 divide 1342?
False
Is 25 a multiple of 4?
False
Is 12 a factor of 50148?
True
Is 66722 a multiple of 53?
False
Does 23 divide 39381?
False
Does 2 divide 348?
True
Is 4940 a multiple of 38?
True
Is 68 a factor of 43792?
True
Is 28 a factor of 316?
False
Is 10 a factor of 217?
False
Is 99 a factor of 9882?
False
Does 37 divide 16613?
True
Is 532 a multiple of 10?
False
Is 1235 a multiple of 13?
True
Is 131 a factor of 335?
False
Does 5 divide 252?
False
Is 40240 a multiple of 16?
True
Does 7 divide 20762?
True
Is 15 a factor of 4026?
False
Is 75 a multiple of 7?
False
Does 32 divide 51?
False
Is 1364 a multiple of 11?
True
Is 8946 a multiple of 9?
True
Is 22 a factor of 1122?
True
Is 2460 a multiple of 30?
True
Is 67 a factor of 1236?
False
Is 76 a factor of 836?
True
Does 27 divide 1872?
False
Does 122 divide 2196?
True
Is 14 a factor of 1904?
True
Does 5 divide 130?
True
Does 3 divide 1761?
True
Is 3537 a multiple of 34?
False
Is 226 a multiple of 3?
False
Is 14024 a multiple of 17?
False
Is 14 a factor of 12447?
False
Is 43 a factor of 28423?
True
Is 13 a factor of 26?
True
Does 17 divide 6358?
True
Is 740 a multiple of 10?
True
Is 605 a multiple of 19?
False
Does 10 divide 6880?
True
Does 65 divide 2925?
True
Is 4476 a multiple of 4?
True
Is 36981 a multiple of 105?
False
Is 30 a factor of 1680?
True
Does 29 divide 87?
True
Is 666 a multiple of 65?
False
Is 726 a multiple of 33?
True
Does 38 divide 4332?
True
Does 105 divide 10185?
True
Does 41 divide 3823?
False
Is 556 a multiple of 4?
True
Is 159 a factor of 10242?
False
Does 12 divide 636?
True
Is 17 a factor of 969?
True
Does 12 divide 145?
False
Is 332 a multiple of 4?
True
Is 285 a multiple of 15?
True
Is 58920 a multiple of 138?
False
Is 95 a factor of 10735?
True
Is 20 a factor of 1900?
True
Does 408 divide 36312?
True
Is 5 a factor of 410?
True
Does 41 divide 36367?
True
Does 9 divide 324?
True
Is 21 a factor of 21889?
False
Is 7160 a multiple of 127?
False
Is 980 a multiple of 35?
True
Is 20399 a multiple of 5?
False
Is 16 a factor of 420?
False
Is 97 a factor of 1468?
False
Does 24 divide 2736?
True
Is 21473 a multiple of 44?
False
Does 47 divide 7003?
True
Does 18 divide 13012?
False
Is 6 a factor of 654?
True
Does 15 divide 54205?
False
Is 12072 a multiple of 4?
True
Is 10 a factor of 230?
True
Is 54338 a multiple of 72?
False
Does 83 divide 2047?
False
Is 13088 a multiple of 115?
False
Is 2256 a multiple of 12?
True
Is 6 a factor of 8520?
True
Does 5 divide 447?
False
Is 299 a multiple of 13?
True
Is 82 a factor of 624?
False
Is 32 a factor of 4073?
False
Does 12 divide 58440?
True
Is 13254 a multiple of 94?
True
Does 3 divide 71?
False
Does 43 divide 1161?
True
Is 31 a factor of 2215?
False
Does 6 divide 1525?
False
Is 21 a factor of 31521?
True
Is 7 a factor of 175?
True
Is 2 a factor of 477?
False
Does 49 divide 2352?
True
Is 29 a factor of 24715?
False
Does 174 divide 4872?
True
Is 855 a multiple of 16?
False
Is 7 a factor of 8211?
True
Is 2090 a multiple of 19?
True
Is 126 a multiple of 63?
True
Does 243 divide 28431?
True
Is 22932 a multiple of 14?
True
Does 45 divide 233?
False
Is 1890 a multiple of 30?
True
Is 11 a factor of 3694?
False
Is 74 a factor of 1893?
False
Is 1305 a multiple of 10?
False
Is 13 a factor of 468?
True
Is 27 a factor of 230?
False
Is 170 a factor of 36720?
True
Is 244 a factor of 14573?
False
Is 3281 a multiple of 47?
False
Does 5 divide 10045?
True
Does 53 divide 628?
False
Is 5 a factor of 41?
False
Is 29 a factor of 13224?
True
Does 47 divide 495?
False
Is 10 a factor of 33334?
False
Does 34 divide 408?
True
Is 4 a factor of 362?
False
Is 20022 a multiple of 142?
True
Is 7062 a multiple of 3?
True
Does 45 divide 17971?
False
Is 2015 a multiple of 13?
True
Is 11336 a multiple of 8?
True
Is 5012 a multiple of 140?
False
Does 80 divide 10370?
False
Is 14 a factor of 64130?
False
Is 1137 a multiple of 13?
False
Does 2 divide 138?
True
Is 21700 a multiple of 62?
True
Does 57 divide 100?
False
Is 41870 a multiple of 106?
True
Is 1596 a multiple of 38?
True
Is 3872 a multiple of 242?
True
Is 96 a factor of 3168?
True
Is 24511 a multiple of 40?
False
Is 73 a factor of 1241?
True
Does 29 divide 493?
True
Is 4536 a multiple of 24?
True
Is 2939 a multiple of 22?
False
Is 6 a factor of 390?
True
Does 10 divide 521?
False
Is 33 a factor of 792?
True
Does 17 divide 19788?
True
Does 18 divide 5832?
True
Does 7 divide 556?
False
Is 95700 a multiple of 30?
True
Does 28 divide 4984?
True
Is 43 a factor of 4859?
True
Does 22 divide 2640?
True
Is 12 a factor of 2254?
False
Does 5 divide 7695?
True
Is 875 a multiple of 10?
False
Does 150 divide 4050?
True
Is 12162 a multiple of 6?
True
Is 10 a factor of 749?
False
Is 1381 a multiple of 132?
False
Is 12 a factor of 8100?
True
Is 41 a factor of 4722?
False
Does 34 divide 5950?
True
Is 134 a factor of 2179?
False
Is 9948 a multiple of 11?
False
Is 3 a factor of 198?
True
Is 81 a factor of 2025?
True
Does 9 divide 22807?
False
Is 4755 a multiple of 15?
True
Does 17 divide 9112?
True
Does 11 divide 341?
True
Does 116 divide 3557?
False
Is 32 a factor of 3040?
True
Is 4042 a multiple of 200?
False
Is 9408 a multiple of 84?
True
Does 135 divide 20385?
True
Does 12 divide 8259?
False
Is 14 a factor of 826?
True
Is 50 a factor of 650?
True
Is 7491 a multiple of 33?
True
Is 8 a factor of 391?
False
Does 59 divide 531?
True
Does 18 divide 677?
False
Is 3321 a multiple of 5?
False
Is 8 a factor of 1163?
False
Does 78 divide 112320?
True
Is 24 a factor of 9395?
False
Is 75 a factor of 25070?
False
Is 2 a factor of 7016?
True
Is 46620 a multiple of 126?
True
Is 8983 a multiple of 11?
False
Is 90 a factor of 41372?
False
Does 16 divide 10845?
False
Does 5 divide 341?
False
Is 5 a factor of 170?
True
Does 23 divide 690?
True
Is 14 a factor of 462?
True
Is 15 a factor of 694?
False
Does 12 divide 2046?
False
Is 8550 a multiple of 38?
True
Is 54 a factor of 23112?
True
Does 11 divide 321?
False
Is 42 a factor of 1302?
True
Does 18 divide 500?
False
Is 7790 a multiple of 19?
True
Does 12 divide 3538?
False
Is 21 a factor of 908?
False
Is 3 a factor of 284?
False
Is 672 a multiple of 48?
True
Is 13986 a multiple of 37?
True
Is 162 a factor of 2589?
False
Is 7993 a multiple of 10?
False
Does 22 divide 1099?
False
Is 432 a multiple of 54?
True
Is 6 a factor of 8?
False
Does 13 divide 40885?
True
Is 48 a factor of 81665?
False
Does 81 divide 14256?
True
Does 125 divide 186250?
True
Does 14 divide 99328?
False
Is 3755 a multiple of 5?
True
Is 44 a factor of 3565?
False
Does 115 divide 17940?
True
Does 2 divide 7?
False
Is 7303 a multiple of 7?
False
Is 6738 a multiple of 139?
False
Does 33 divide 2937?
True
Does 9 divide 2493?
True
Is 18 a factor of 5616?
True
Is 11812 a multiple of 11?
False
Is 605 a multiple of 11?
True
Does 10 divide 246?
False
Is 2060 a multiple of 103?
True
Does 12 divide 4135?
False
Is 2181 a multiple of 2?
False
Is 3504 a multiple of 16?
True
Is 12 a factor of 1581?
False
Does 18 divide 4621?
False
Is 117018 a multiple of 39?
False
Does 13 divide 494?
True
Is 11620 a multiple of 166?
True
Is 2 a factor of 310?
True
Is 7469 a multiple of 77?
True
Is 4 a factor of 15?
False
Is 13 a factor of 5070?
True
Does 43 divide 1978?
True
Is 8084 a multiple of 94?
True
Is 112 a multiple of 56?
True
Does 23 divide 26084?
False
Is 40 a factor of 18303?
False
Is 19146 a multiple of 10?
False
Is 204 a factor of 14076?
True
Does 150 divide 4664?
False
Is 6 a factor of 258?
True
Is 32 a fac